[INFO] cloning repository https://github.com/sgeop/ruska
[INFO] running `Command { std: "git" "-c" "credential.helper=" "-c" "credential.helper=/workspace/cargo-home/bin/git-credential-null" "clone" "--bare" "https://github.com/sgeop/ruska" "/workspace/cache/git-repos/https%3A%2F%2Fgithub.com%2Fsgeop%2Fruska", kill_on_drop: false }`
[INFO] [stderr] Cloning into bare repository '/workspace/cache/git-repos/https%3A%2F%2Fgithub.com%2Fsgeop%2Fruska'...
[INFO] running `Command { std: "git" "rev-parse" "HEAD", kill_on_drop: false }`
[INFO] [stdout] 5a6c1529dccc7351e4d8b4736cbeec22f3c31fc0
[INFO] checking sgeop/ruska against try#72f88fc4e9458f89516a0b8b0868f3718aec5b47 for pr-74989
[INFO] running `Command { std: "git" "clone" "/workspace/cache/git-repos/https%3A%2F%2Fgithub.com%2Fsgeop%2Fruska" "/workspace/builds/worker-5/source", kill_on_drop: false }`
[INFO] [stderr] Cloning into '/workspace/builds/worker-5/source'...
[INFO] [stderr] done.
[INFO] validating manifest of git repo https://github.com/sgeop/ruska on toolchain 72f88fc4e9458f89516a0b8b0868f3718aec5b47
[INFO] running `Command { std: "/workspace/cargo-home/bin/cargo" "+72f88fc4e9458f89516a0b8b0868f3718aec5b47" "read-manifest" "--manifest-path" "Cargo.toml", kill_on_drop: false }`
[INFO] started tweaking git repo https://github.com/sgeop/ruska
[INFO] finished tweaking git repo https://github.com/sgeop/ruska
[INFO] tweaked toml for git repo https://github.com/sgeop/ruska written to /workspace/builds/worker-5/source/Cargo.toml
[INFO] crate git repo https://github.com/sgeop/ruska already has a lockfile, it will not be regenerated
[INFO] running `Command { std: "/workspace/cargo-home/bin/cargo" "+72f88fc4e9458f89516a0b8b0868f3718aec5b47" "fetch" "--locked" "--manifest-path" "Cargo.toml", kill_on_drop: false }`
[INFO] [stderr]     Updating git repository `https://github.com/stepancheg/rust-protobuf.git`
[INFO] [stderr] error: the lock file /workspace/builds/worker-5/source/Cargo.lock needs to be updated but --locked was passed to prevent this
[INFO] [stderr] If you want to try to generate the lock file without accessing the network, use the --offline flag.
[INFO] the lockfile is outdated, regenerating it
[INFO] running `Command { std: "/workspace/cargo-home/bin/cargo" "+72f88fc4e9458f89516a0b8b0868f3718aec5b47" "generate-lockfile" "--manifest-path" "Cargo.toml" "-Zno-index-update", kill_on_drop: false }`
[INFO] [stderr]     Updating git repository `https://github.com/stepancheg/rust-protobuf.git`
[INFO] [stderr]     Updating git submodule `https://github.com/google/protobuf`
[INFO] [stderr]     Updating git submodule `https://github.com/google/benchmark.git`
[INFO] running `Command { std: "/workspace/cargo-home/bin/cargo" "+72f88fc4e9458f89516a0b8b0868f3718aec5b47" "fetch" "--locked" "--manifest-path" "Cargo.toml", kill_on_drop: false }`
[INFO] [stderr]     Blocking waiting for file lock on package cache
[INFO] [stderr]     Blocking waiting for file lock on package cache
[INFO] [stderr]  Downloading crates ...
[INFO] [stderr]   Downloaded ref_slice v1.2.0
[INFO] [stderr]   Downloaded lmdb-rs v0.7.6
[INFO] [stderr]   Downloaded liblmdb-sys v0.2.2
[INFO] [stderr]   Downloaded kafka v0.8.0
[INFO] [stderr]   Downloaded snap v0.2.5
[INFO] running `Command { std: "docker" "create" "-v" "/var/lib/crater-agent-workspace/builds/worker-5/target:/opt/rustwide/target:rw,Z" "-v" "/var/lib/crater-agent-workspace/builds/worker-5/source:/opt/rustwide/workdir:ro,Z" "-v" "/var/lib/crater-agent-workspace/cargo-home:/opt/rustwide/cargo-home:ro,Z" "-v" "/var/lib/crater-agent-workspace/rustup-home:/opt/rustwide/rustup-home:ro,Z" "-e" "SOURCE_DIR=/opt/rustwide/workdir" "-e" "CARGO_TARGET_DIR=/opt/rustwide/target" "-e" "CARGO_HOME=/opt/rustwide/cargo-home" "-e" "RUSTUP_HOME=/opt/rustwide/rustup-home" "-w" "/opt/rustwide/workdir" "-m" "1610612736" "--user" "0:0" "--network" "none" "rustops/crates-build-env@sha256:d92eaeed33fa75130ca1ee6c8a01d1ffb62bac859dfdfb3450e3e5d1c0146529" "/opt/rustwide/cargo-home/bin/cargo" "+72f88fc4e9458f89516a0b8b0868f3718aec5b47" "metadata" "--no-deps" "--format-version=1", kill_on_drop: false }`
[INFO] [stdout] 495828669c220a59590fbcd9b733f45be1c32c36e9477d7ebb2e45dbb207d907
[INFO] [stderr] WARNING: Your kernel does not support swap limit capabilities or the cgroup is not mounted. Memory limited without swap.
[INFO] running `Command { std: "docker" "start" "-a" "495828669c220a59590fbcd9b733f45be1c32c36e9477d7ebb2e45dbb207d907", kill_on_drop: false }`
[INFO] running `Command { std: "docker" "inspect" "495828669c220a59590fbcd9b733f45be1c32c36e9477d7ebb2e45dbb207d907", kill_on_drop: false }`
[INFO] running `Command { std: "docker" "rm" "-f" "495828669c220a59590fbcd9b733f45be1c32c36e9477d7ebb2e45dbb207d907", kill_on_drop: false }`
[INFO] [stdout] 495828669c220a59590fbcd9b733f45be1c32c36e9477d7ebb2e45dbb207d907
[INFO] running `Command { std: "docker" "create" "-v" "/var/lib/crater-agent-workspace/builds/worker-5/target:/opt/rustwide/target:rw,Z" "-v" "/var/lib/crater-agent-workspace/builds/worker-5/source:/opt/rustwide/workdir:ro,Z" "-v" "/var/lib/crater-agent-workspace/cargo-home:/opt/rustwide/cargo-home:ro,Z" "-v" "/var/lib/crater-agent-workspace/rustup-home:/opt/rustwide/rustup-home:ro,Z" "-e" "SOURCE_DIR=/opt/rustwide/workdir" "-e" "CARGO_TARGET_DIR=/opt/rustwide/target" "-e" "CARGO_INCREMENTAL=0" "-e" "RUST_BACKTRACE=full" "-e" "RUSTFLAGS=--cap-lints=forbid" "-e" "CARGO_HOME=/opt/rustwide/cargo-home" "-e" "RUSTUP_HOME=/opt/rustwide/rustup-home" "-w" "/opt/rustwide/workdir" "-m" "1610612736" "--user" "0:0" "--network" "none" "rustops/crates-build-env@sha256:d92eaeed33fa75130ca1ee6c8a01d1ffb62bac859dfdfb3450e3e5d1c0146529" "/opt/rustwide/cargo-home/bin/cargo" "+72f88fc4e9458f89516a0b8b0868f3718aec5b47" "check" "--frozen" "--all" "--all-targets" "--message-format=json", kill_on_drop: false }`
[INFO] [stdout] f6c2e1e4448719f0b1560441cf62be41c6d8e188cefa421921b916cca70445ff
[INFO] [stderr] WARNING: Your kernel does not support swap limit capabilities or the cgroup is not mounted. Memory limited without swap.
[INFO] running `Command { std: "docker" "start" "-a" "f6c2e1e4448719f0b1560441cf62be41c6d8e188cefa421921b916cca70445ff", kill_on_drop: false }`
[INFO] [stderr]    Compiling libc v0.2.77
[INFO] [stderr]    Compiling cc v1.0.59
[INFO] [stderr]    Compiling getrandom v0.1.15
[INFO] [stderr]    Compiling pkg-config v0.3.18
[INFO] [stderr]    Compiling log v0.4.11
[INFO] [stderr]     Checking ppv-lite86 v0.2.9
[INFO] [stderr]    Compiling gcc v0.3.55
[INFO] [stderr]    Compiling build_const v0.2.1
[INFO] [stderr]    Compiling openssl v0.10.30
[INFO] [stderr]     Checking foreign-types-shared v0.1.1
[INFO] [stderr]    Compiling protobuf v3.0.0-pre (https://github.com/stepancheg/rust-protobuf.git#9c6604a4)
[INFO] [stderr]     Checking ref_slice v1.2.0
[INFO] [stderr]     Checking fnv v1.0.7
[INFO] [stderr]     Checking byteorder v0.5.3
[INFO] [stderr]     Checking bitflags v0.7.0
[INFO] [stderr]    Compiling miniz_oxide v0.4.2
[INFO] [stderr]     Checking foreign-types v0.3.2
[INFO] [stderr]     Checking snap v0.2.5
[INFO] [stderr]    Compiling crc v1.8.1
[INFO] [stderr]     Checking log v0.3.9
[INFO] [stderr]    Compiling liblmdb-sys v0.2.2
[INFO] [stderr]     Checking backtrace v0.3.50
[INFO] [stderr]    Compiling openssl-sys v0.9.58
[INFO] [stderr]    Compiling miniz-sys v0.1.12
[INFO] [stderr]     Checking rand_core v0.5.1
[INFO] [stderr]     Checking error-chain v0.10.0
[INFO] [stderr]     Checking rand_chacha v0.2.2
[INFO] [stderr]     Checking flate2 v0.2.20
[INFO] [stderr]     Checking rand v0.7.3
[INFO] [stderr]     Checking twox-hash v1.5.0
[INFO] [stderr]     Checking lmdb-rs v0.7.6
[INFO] [stderr]     Checking kafka v0.8.0
[INFO] [stderr]     Checking ruska v0.1.0 (/opt/rustwide/workdir)
[INFO] [stdout] error[E0433]: failed to resolve: could not find `lazy` in `protobuf`
[INFO] [stdout]   --> src/kafka_message.rs:30:42
[INFO] [stdout]    |
[INFO] [stdout] 30 |         static mut instance: ::protobuf::lazy::Lazy<KafkaMessage> = ::protobuf::lazy::Lazy {
[INFO] [stdout]    |                                          ^^^^ could not find `lazy` in `protobuf`
[INFO] [stdout] 
[INFO] [stdout] 
[INFO] [stdout] error[E0433]: failed to resolve: could not find `lazy` in `protobuf`
[INFO] [stdout]   --> src/kafka_message.rs:30:81
[INFO] [stdout]    |
[INFO] [stdout] 30 |         static mut instance: ::protobuf::lazy::Lazy<KafkaMessage> = ::protobuf::lazy::Lazy {
[INFO] [stdout]    |                                                                                 ^^^^ could not find `lazy` in `protobuf`
[INFO] [stdout] 
[INFO] [stdout] 
[INFO] [stdout] error[E0433]: failed to resolve: could not find `lazy` in `protobuf`
[INFO] [stdout]   --> src/kafka_message.rs:31:31
[INFO] [stdout]    |
[INFO] [stdout] 31 |             lock: ::protobuf::lazy::ONCE_INIT,
[INFO] [stdout]    |                               ^^^^ could not find `lazy` in `protobuf`
[INFO] [stdout] 
[INFO] [stdout] 
[INFO] [stdout] error[E0433]: failed to resolve: could not find `SingularField` in `protobuf`
[INFO] [stdout]   --> src/kafka_message.rs:37:40
[INFO] [stdout]    |
[INFO] [stdout] 37 |                     topic: ::protobuf::SingularField::none(),
[INFO] [stdout]    |                                        ^^^^^^^^^^^^^ could not find `SingularField` in `protobuf`
[INFO] [stdout] 
[INFO] [stdout] 
[INFO] [stdout] error[E0433]: failed to resolve: could not find `SingularField` in `protobuf`
[INFO] [stdout]   --> src/kafka_message.rs:38:38
[INFO] [stdout]    |
[INFO] [stdout] 38 |                     key: ::protobuf::SingularField::none(),
[INFO] [stdout]    |                                      ^^^^^^^^^^^^^ could not find `SingularField` in `protobuf`
[INFO] [stdout] 
[INFO] [stdout] 
[INFO] [stdout] error[E0433]: failed to resolve: could not find `SingularField` in `protobuf`
[INFO] [stdout]   --> src/kafka_message.rs:39:40
[INFO] [stdout]    |
[INFO] [stdout] 39 |                     value: ::protobuf::SingularField::none(),
[INFO] [stdout]    |                                        ^^^^^^^^^^^^^ could not find `SingularField` in `protobuf`
[INFO] [stdout] 
[INFO] [stdout] 
[INFO] [stdout] error[E0433]: failed to resolve: could not find `SingularField` in `protobuf`
[INFO] [stdout]   --> src/kafka_message.rs:59:34
[INFO] [stdout]    |
[INFO] [stdout] 59 |         self.topic = ::protobuf::SingularField::some(v);
[INFO] [stdout]    |                                  ^^^^^^^^^^^^^ could not find `SingularField` in `protobuf`
[INFO] [stdout] 
[INFO] [stdout] 
[INFO] [stdout] error[E0433]: failed to resolve: could not find `SingularField` in `protobuf`
[INFO] [stdout]   --> src/kafka_message.rs:95:32
[INFO] [stdout]    |
[INFO] [stdout] 95 |         self.key = ::protobuf::SingularField::some(v);
[INFO] [stdout]    |                                ^^^^^^^^^^^^^ could not find `SingularField` in `protobuf`
[INFO] [stdout] 
[INFO] [stdout] 
[INFO] [stdout] error[E0433]: failed to resolve: could not find `SingularField` in `protobuf`
[INFO] [stdout]    --> src/kafka_message.rs:131:34
[INFO] [stdout]     |
[INFO] [stdout] 131 |         self.value = ::protobuf::SingularField::some(v);
[INFO] [stdout]     |                                  ^^^^^^^^^^^^^ could not find `SingularField` in `protobuf`
[INFO] [stdout] 
[INFO] [stdout] 
[INFO] [stdout] error[E0407]: method `type_id` is not a member of trait `protobuf::Message`
[INFO] [stdout]    --> src/kafka_message.rs:239:5
[INFO] [stdout]     |
[INFO] [stdout] 239 | /     fn type_id(&self) -> ::std::any::TypeId {
[INFO] [stdout] 240 | |         ::std::any::TypeId::of::<KafkaMessage>()
[INFO] [stdout] 241 | |     }
[INFO] [stdout]     | |_____^ not a member of trait `protobuf::Message`
[INFO] [stdout] 
[INFO] [stdout] 
[INFO] [stdout] error[E0407]: method `as_any` is not a member of trait `protobuf::Message`
[INFO] [stdout]    --> src/kafka_message.rs:243:5
[INFO] [stdout]     |
[INFO] [stdout] 243 | /     fn as_any(&self) -> &::std::any::Any {
[INFO] [stdout] 244 | |         self as &::std::any::Any
[INFO] [stdout] 245 | |     }
[INFO] [stdout]     | |_____^ not a member of trait `protobuf::Message`
[INFO] [stdout] 
[INFO] [stdout] 
[INFO] [stdout] error[E0407]: method `descriptor` is not a member of trait `protobuf::Message`
[INFO] [stdout]    --> src/kafka_message.rs:247:5
[INFO] [stdout]     |
[INFO] [stdout] 247 | /     fn descriptor(&self) -> &'static ::protobuf::reflect::MessageDescriptor {
[INFO] [stdout] 248 | |         ::protobuf::MessageStatic::descriptor_static(None::<Self>)
[INFO] [stdout] 249 | |     }
[INFO] [stdout]     | |_____^ not a member of trait `protobuf::Message`
[INFO] [stdout] 
[INFO] [stdout] 
[INFO] [stdout] error[E0433]: failed to resolve: could not find `MessageStatic` in `protobuf`
[INFO] [stdout]    --> src/kafka_message.rs:248:21
[INFO] [stdout]     |
[INFO] [stdout] 248 |         ::protobuf::MessageStatic::descriptor_static(None::<Self>)
[INFO] [stdout]     |                     ^^^^^^^^^^^^^ could not find `MessageStatic` in `protobuf`
[INFO] [stdout] 
[INFO] [stdout] 
[INFO] [stdout] error[E0433]: failed to resolve: could not find `lazy` in `protobuf`
[INFO] [stdout]    --> src/kafka_message.rs:258:44
[INFO] [stdout]     |
[INFO] [stdout] 258 |         static mut descriptor: ::protobuf::lazy::Lazy<::protobuf::reflect::MessageDescriptor> = ::protobuf::lazy::Lazy {
[INFO] [stdout]     |                                            ^^^^ could not find `lazy` in `protobuf`
[INFO] [stdout] 
[INFO] [stdout] 
[INFO] [stdout] error[E0433]: failed to resolve: could not find `lazy` in `protobuf`
[INFO] [stdout]    --> src/kafka_message.rs:258:109
[INFO] [stdout]     |
[INFO] [stdout] 258 |         static mut descriptor: ::protobuf::lazy::Lazy<::protobuf::reflect::MessageDescriptor> = ::protobuf::lazy::Lazy {
[INFO] [stdout]     |                                                                                                             ^^^^ could not find `lazy` in `protobuf`
[INFO] [stdout] 
[INFO] [stdout] 
[INFO] [stdout] error[E0433]: failed to resolve: could not find `lazy` in `protobuf`
[INFO] [stdout]    --> src/kafka_message.rs:259:31
[INFO] [stdout]     |
[INFO] [stdout] 259 |             lock: ::protobuf::lazy::ONCE_INIT,
[INFO] [stdout]     |                               ^^^^ could not find `lazy` in `protobuf`
[INFO] [stdout] 
[INFO] [stdout] 
[INFO] [stdout] error[E0433]: failed to resolve: could not find `accessor` in `reflect`
[INFO] [stdout]    --> src/kafka_message.rs:265:50
[INFO] [stdout]     |
[INFO] [stdout] 265 |                 fields.push(::protobuf::reflect::accessor::make_singular_string_accessor(
[INFO] [stdout]     |                                                  ^^^^^^^^ could not find `accessor` in `reflect`
[INFO] [stdout] 
[INFO] [stdout] 
[INFO] [stdout] error[E0433]: failed to resolve: could not find `accessor` in `reflect`
[INFO] [stdout]    --> src/kafka_message.rs:270:50
[INFO] [stdout]     |
[INFO] [stdout] 270 |                 fields.push(::protobuf::reflect::accessor::make_singular_string_accessor(
[INFO] [stdout]     |                                                  ^^^^^^^^ could not find `accessor` in `reflect`
[INFO] [stdout] 
[INFO] [stdout] 
[INFO] [stdout] error[E0433]: failed to resolve: could not find `accessor` in `reflect`
[INFO] [stdout]    --> src/kafka_message.rs:275:50
[INFO] [stdout]     |
[INFO] [stdout] 275 |                 fields.push(::protobuf::reflect::accessor::make_singular_bytes_accessor(
[INFO] [stdout]     |                                                  ^^^^^^^^ could not find `accessor` in `reflect`
[INFO] [stdout] 
[INFO] [stdout] 
[INFO] [stdout] error[E0433]: failed to resolve: could not find `lazy` in `protobuf`
[INFO] [stdout]    --> src/kafka_message.rs:341:52
[INFO] [stdout]     |
[INFO] [stdout] 341 | static mut file_descriptor_proto_lazy: ::protobuf::lazy::Lazy<::protobuf::descriptor::FileDescriptorProto> = ::protobuf::lazy::Lazy {
[INFO] [stdout]     |                                                    ^^^^ could not find `lazy` in `protobuf`
[INFO] [stdout] 
[INFO] [stdout] 
[INFO] [stdout] error[E0433]: failed to resolve: could not find `lazy` in `protobuf`
[INFO] [stdout]    --> src/kafka_message.rs:341:122
[INFO] [stdout]     |
[INFO] [stdout] 341 | static mut file_descriptor_proto_lazy: ::protobuf::lazy::Lazy<::protobuf::descriptor::FileDescriptorProto> = ::protobuf::lazy::Lazy {
[INFO] [stdout]     |                                                                                                                          ^^^^ could not find `lazy` in `protobuf`
[INFO] [stdout] 
[INFO] [stdout] 
[INFO] [stdout] error[E0433]: failed to resolve: could not find `lazy` in `protobuf`
[INFO] [stdout]    --> src/kafka_message.rs:342:23
[INFO] [stdout]     |
[INFO] [stdout] 342 |     lock: ::protobuf::lazy::ONCE_INIT,
[INFO] [stdout]     |                       ^^^^ could not find `lazy` in `protobuf`
[INFO] [stdout] 
[INFO] [stdout] 
[INFO] [stdout] error[E0412]: cannot find type `SingularField` in crate `protobuf`
[INFO] [stdout]   --> src/kafka_message.rs:16:24
[INFO] [stdout]    |
[INFO] [stdout] 16 |     topic: ::protobuf::SingularField<::std::string::String>,
[INFO] [stdout]    |                        ^^^^^^^^^^^^^ not found in `protobuf`
[INFO] [stdout] 
[INFO] [stdout] 
[INFO] [stdout] error[E0412]: cannot find type `SingularField` in crate `protobuf`
[INFO] [stdout]   --> src/kafka_message.rs:17:22
[INFO] [stdout]    |
[INFO] [stdout] 17 |     key: ::protobuf::SingularField<::std::string::String>,
[INFO] [stdout]    |                      ^^^^^^^^^^^^^ not found in `protobuf`
[INFO] [stdout] 
[INFO] [stdout] 
[INFO] [stdout] error[E0412]: cannot find type `SingularField` in crate `protobuf`
[INFO] [stdout]   --> src/kafka_message.rs:18:24
[INFO] [stdout]    |
[INFO] [stdout] 18 |     value: ::protobuf::SingularField<::std::vec::Vec<u8>>,
[INFO] [stdout]    |                        ^^^^^^^^^^^^^ not found in `protobuf`
[INFO] [stdout] 
[INFO] [stdout] 
[INFO] [stdout] error[E0405]: cannot find trait `MessageStatic` in crate `protobuf`
[INFO] [stdout]    --> src/kafka_message.rs:252:18
[INFO] [stdout]     |
[INFO] [stdout] 252 | impl ::protobuf::MessageStatic for KafkaMessage {
[INFO] [stdout]     |                  ^^^^^^^^^^^^^ not found in `protobuf`
[INFO] [stdout] 
[INFO] [stdout] 
[INFO] [stdout] error[E0425]: cannot find function `parse_from_bytes` in crate `protobuf`
[INFO] [stdout]    --> src/kafka_message.rs:347:17
[INFO] [stdout]     |
[INFO] [stdout] 347 |     ::protobuf::parse_from_bytes(file_descriptor_proto_data).unwrap()
[INFO] [stdout]     |                 ^^^^^^^^^^^^^^^^ not found in `protobuf`
[INFO] [stdout] 
[INFO] [stdout] 
[INFO] [stdout] warning: use of deprecated macro `try`: use the `?` operator instead
[INFO] [stdout]    --> src/kafka_message.rs:162:16
[INFO] [stdout]     |
[INFO] [stdout] 162 |         while !try!(is.eof()) {
[INFO] [stdout]     |                ^^^
[INFO] [stdout]     |
[INFO] [stdout]     = note: `#[warn(deprecated)]` on by default
[INFO] [stdout] 
[INFO] [stdout] 
[INFO] [stdout] warning: use of deprecated macro `try`: use the `?` operator instead
[INFO] [stdout]    --> src/kafka_message.rs:163:45
[INFO] [stdout]     |
[INFO] [stdout] 163 |             let (field_number, wire_type) = try!(is.read_tag_unpack());
[INFO] [stdout]     |                                             ^^^
[INFO] [stdout] 
[INFO] [stdout] 
[INFO] [stdout] warning: use of deprecated macro `try`: use the `?` operator instead
[INFO] [stdout]    --> src/kafka_message.rs:170:21
[INFO] [stdout]     |
[INFO] [stdout] 170 |                     try!(is.read_string_into(tmp))
[INFO] [stdout]     |                     ^^^
[INFO] [stdout] 
[INFO] [stdout] 
[INFO] [stdout] warning: use of deprecated macro `try`: use the `?` operator instead
[INFO] [stdout]    --> src/kafka_message.rs:177:21
[INFO] [stdout]     |
[INFO] [stdout] 177 |                     try!(is.read_string_into(tmp))
[INFO] [stdout]     |                     ^^^
[INFO] [stdout] 
[INFO] [stdout] 
[INFO] [stdout] warning: use of deprecated macro `try`: use the `?` operator instead
[INFO] [stdout]    --> src/kafka_message.rs:184:21
[INFO] [stdout]     |
[INFO] [stdout] 184 |                     try!(is.read_bytes_into(tmp))
[INFO] [stdout]     |                     ^^^
[INFO] [stdout] 
[INFO] [stdout] 
[INFO] [stdout] warning: use of deprecated macro `try`: use the `?` operator instead
[INFO] [stdout]    --> src/kafka_message.rs:187:35
[INFO] [stdout]     |
[INFO] [stdout] 187 |                     let unknown = try!(is.read_unknown(wire_type));
[INFO] [stdout]     |                                   ^^^
[INFO] [stdout] 
[INFO] [stdout] 
[INFO] [stdout] warning: use of deprecated macro `try`: use the `?` operator instead
[INFO] [stdout]    --> src/kafka_message.rs:215:13
[INFO] [stdout]     |
[INFO] [stdout] 215 |             try!(os.write_string(1, &v));
[INFO] [stdout]     |             ^^^
[INFO] [stdout] 
[INFO] [stdout] 
[INFO] [stdout] warning: use of deprecated macro `try`: use the `?` operator instead
[INFO] [stdout]    --> src/kafka_message.rs:218:13
[INFO] [stdout]     |
[INFO] [stdout] 218 |             try!(os.write_string(2, &v));
[INFO] [stdout]     |             ^^^
[INFO] [stdout] 
[INFO] [stdout] 
[INFO] [stdout] warning: use of deprecated macro `try`: use the `?` operator instead
[INFO] [stdout]    --> src/kafka_message.rs:221:13
[INFO] [stdout]     |
[INFO] [stdout] 221 |             try!(os.write_bytes(3, &v));
[INFO] [stdout]     |             ^^^
[INFO] [stdout] 
[INFO] [stdout] 
[INFO] [stdout] warning: use of deprecated macro `try`: use the `?` operator instead
[INFO] [stdout]    --> src/kafka_message.rs:223:9
[INFO] [stdout]     |
[INFO] [stdout] 223 |         try!(os.write_unknown_fields(self.get_unknown_fields()));
[INFO] [stdout]     |         ^^^
[INFO] [stdout] 
[INFO] [stdout] 
[INFO] [stdout] warning: trait objects without an explicit `dyn` are deprecated
[INFO] [stdout]    --> src/kafka_message.rs:243:26
[INFO] [stdout]     |
[INFO] [stdout] 243 |     fn as_any(&self) -> &::std::any::Any {
[INFO] [stdout]     |                          ^^^^^^^^^^^^^^^ help: use `dyn`: `dyn (::std::any::Any)`
[INFO] [stdout]     |
[INFO] [stdout]     = note: `#[warn(bare_trait_objects)]` on by default
[INFO] [stdout] 
[INFO] [stdout] 
[INFO] [stdout] warning: trait objects without an explicit `dyn` are deprecated
[INFO] [stdout]    --> src/kafka_message.rs:244:18
[INFO] [stdout]     |
[INFO] [stdout] 244 |         self as &::std::any::Any
[INFO] [stdout]     |                  ^^^^^^^^^^^^^^^ help: use `dyn`: `dyn (::std::any::Any)`
[INFO] [stdout] 
[INFO] [stdout] 
[INFO] [stdout] warning: trait objects without an explicit `dyn` are deprecated
[INFO] [stdout]   --> src/storage.rs:35:39
[INFO] [stdout]    |
[INFO] [stdout] 35 |     pub fn with_read_write(&self, f: &Fn(lmdb::Database) -> ()) -> Result<(), lmdb::MdbError> {
[INFO] [stdout]    |                                       ^^^^^^^^^^^^^^^^^^^^^^^^ help: use `dyn`: `dyn Fn(lmdb::Database) -> ()`
[INFO] [stdout] 
[INFO] [stdout] 
[INFO] [stdout] warning: trait objects without an explicit `dyn` are deprecated
[INFO] [stdout]   --> src/storage.rs:44:37
[INFO] [stdout]    |
[INFO] [stdout] 44 |     pub fn with_readonly(&self, f: &Fn(lmdb::Database) -> ()) {
[INFO] [stdout]    |                                     ^^^^^^^^^^^^^^^^^^^^^^^^ help: use `dyn`: `dyn Fn(lmdb::Database) -> ()`
[INFO] [stdout] 
[INFO] [stdout] 
[INFO] [stdout] error: aborting due to 27 previous errors; 14 warnings emitted
[INFO] [stdout] 
[INFO] [stdout] 
[INFO] [stdout] Some errors have detailed explanations: E0405, E0407, E0412, E0425, E0433.
[INFO] [stdout] 
[INFO] [stdout] For more information about an error, try `rustc --explain E0405`.
[INFO] [stdout] 
[INFO] [stdout] error[E0433]: failed to resolve: could not find `lazy` in `protobuf`
[INFO] [stdout]   --> src/kafka_message.rs:30:42
[INFO] [stdout]    |
[INFO] [stdout] 30 |         static mut instance: ::protobuf::lazy::Lazy<KafkaMessage> = ::protobuf::lazy::Lazy {
[INFO] [stdout]    |                                          ^^^^ could not find `lazy` in `protobuf`
[INFO] [stdout] 
[INFO] [stdout] 
[INFO] [stdout] error[E0433]: failed to resolve: could not find `lazy` in `protobuf`
[INFO] [stdout]   --> src/kafka_message.rs:30:81
[INFO] [stdout]    |
[INFO] [stdout] 30 |         static mut instance: ::protobuf::lazy::Lazy<KafkaMessage> = ::protobuf::lazy::Lazy {
[INFO] [stdout]    |                                                                                 ^^^^ could not find `lazy` in `protobuf`
[INFO] [stdout] 
[INFO] [stdout] 
[INFO] [stdout] error[E0433]: failed to resolve: could not find `lazy` in `protobuf`
[INFO] [stdout]   --> src/kafka_message.rs:31:31
[INFO] [stdout]    |
[INFO] [stdout] 31 |             lock: ::protobuf::lazy::ONCE_INIT,
[INFO] [stdout]    |                               ^^^^ could not find `lazy` in `protobuf`
[INFO] [stdout] 
[INFO] [stdout] 
[INFO] [stdout] error[E0433]: failed to resolve: could not find `SingularField` in `protobuf`
[INFO] [stdout]   --> src/kafka_message.rs:37:40
[INFO] [stdout]    |
[INFO] [stdout] 37 |                     topic: ::protobuf::SingularField::none(),
[INFO] [stdout]    |                                        ^^^^^^^^^^^^^ could not find `SingularField` in `protobuf`
[INFO] [stdout] 
[INFO] [stdout] 
[INFO] [stdout] error[E0433]: failed to resolve: could not find `SingularField` in `protobuf`
[INFO] [stdout]   --> src/kafka_message.rs:38:38
[INFO] [stdout]    |
[INFO] [stdout] 38 |                     key: ::protobuf::SingularField::none(),
[INFO] [stdout]    |                                      ^^^^^^^^^^^^^ could not find `SingularField` in `protobuf`
[INFO] [stdout] 
[INFO] [stdout] 
[INFO] [stdout] error[E0433]: failed to resolve: could not find `SingularField` in `protobuf`
[INFO] [stdout]   --> src/kafka_message.rs:39:40
[INFO] [stdout]    |
[INFO] [stdout] 39 |                     value: ::protobuf::SingularField::none(),
[INFO] [stdout]    |                                        ^^^^^^^^^^^^^ could not find `SingularField` in `protobuf`
[INFO] [stdout] 
[INFO] [stdout] 
[INFO] [stdout] error[E0433]: failed to resolve: could not find `SingularField` in `protobuf`
[INFO] [stdout]   --> src/kafka_message.rs:59:34
[INFO] [stdout]    |
[INFO] [stdout] 59 |         self.topic = ::protobuf::SingularField::some(v);
[INFO] [stdout]    |                                  ^^^^^^^^^^^^^ could not find `SingularField` in `protobuf`
[INFO] [stdout] 
[INFO] [stdout] 
[INFO] [stdout] error[E0433]: failed to resolve: could not find `SingularField` in `protobuf`
[INFO] [stdout]   --> src/kafka_message.rs:95:32
[INFO] [stdout]    |
[INFO] [stdout] 95 |         self.key = ::protobuf::SingularField::some(v);
[INFO] [stdout]    |                                ^^^^^^^^^^^^^ could not find `SingularField` in `protobuf`
[INFO] [stdout] 
[INFO] [stdout] 
[INFO] [stderr] error: could not compile `ruska`.
[INFO] [stderr] 
[INFO] [stderr] To learn more, run the command again with --verbose.
[INFO] [stderr] warning: build failed, waiting for other jobs to finish...
[INFO] [stdout] error[E0433]: failed to resolve: could not find `SingularField` in `protobuf`
[INFO] [stdout]    --> src/kafka_message.rs:131:34
[INFO] [stdout]     |
[INFO] [stdout] 131 |         self.value = ::protobuf::SingularField::some(v);
[INFO] [stdout]     |                                  ^^^^^^^^^^^^^ could not find `SingularField` in `protobuf`
[INFO] [stdout] 
[INFO] [stdout] 
[INFO] [stdout] error[E0407]: method `type_id` is not a member of trait `protobuf::Message`
[INFO] [stdout]    --> src/kafka_message.rs:239:5
[INFO] [stdout]     |
[INFO] [stdout] 239 | /     fn type_id(&self) -> ::std::any::TypeId {
[INFO] [stdout] 240 | |         ::std::any::TypeId::of::<KafkaMessage>()
[INFO] [stdout] 241 | |     }
[INFO] [stdout]     | |_____^ not a member of trait `protobuf::Message`
[INFO] [stdout] 
[INFO] [stdout] 
[INFO] [stdout] error[E0407]: method `as_any` is not a member of trait `protobuf::Message`
[INFO] [stdout]    --> src/kafka_message.rs:243:5
[INFO] [stdout]     |
[INFO] [stdout] 243 | /     fn as_any(&self) -> &::std::any::Any {
[INFO] [stdout] 244 | |         self as &::std::any::Any
[INFO] [stdout] 245 | |     }
[INFO] [stdout]     | |_____^ not a member of trait `protobuf::Message`
[INFO] [stdout] 
[INFO] [stdout] 
[INFO] [stdout] error[E0407]: method `descriptor` is not a member of trait `protobuf::Message`
[INFO] [stdout]    --> src/kafka_message.rs:247:5
[INFO] [stdout]     |
[INFO] [stdout] 247 | /     fn descriptor(&self) -> &'static ::protobuf::reflect::MessageDescriptor {
[INFO] [stdout] 248 | |         ::protobuf::MessageStatic::descriptor_static(None::<Self>)
[INFO] [stdout] 249 | |     }
[INFO] [stdout]     | |_____^ not a member of trait `protobuf::Message`
[INFO] [stdout] 
[INFO] [stdout] 
[INFO] [stdout] error[E0433]: failed to resolve: could not find `MessageStatic` in `protobuf`
[INFO] [stdout]    --> src/kafka_message.rs:248:21
[INFO] [stdout]     |
[INFO] [stdout] 248 |         ::protobuf::MessageStatic::descriptor_static(None::<Self>)
[INFO] [stdout]     |                     ^^^^^^^^^^^^^ could not find `MessageStatic` in `protobuf`
[INFO] [stdout] 
[INFO] [stdout] 
[INFO] [stdout] error[E0433]: failed to resolve: could not find `lazy` in `protobuf`
[INFO] [stdout]    --> src/kafka_message.rs:258:44
[INFO] [stdout]     |
[INFO] [stdout] 258 |         static mut descriptor: ::protobuf::lazy::Lazy<::protobuf::reflect::MessageDescriptor> = ::protobuf::lazy::Lazy {
[INFO] [stdout]     |                                            ^^^^ could not find `lazy` in `protobuf`
[INFO] [stdout] 
[INFO] [stdout] 
[INFO] [stdout] error[E0433]: failed to resolve: could not find `lazy` in `protobuf`
[INFO] [stdout]    --> src/kafka_message.rs:258:109
[INFO] [stdout]     |
[INFO] [stdout] 258 |         static mut descriptor: ::protobuf::lazy::Lazy<::protobuf::reflect::MessageDescriptor> = ::protobuf::lazy::Lazy {
[INFO] [stdout]     |                                                                                                             ^^^^ could not find `lazy` in `protobuf`
[INFO] [stdout] 
[INFO] [stdout] 
[INFO] [stdout] error[E0433]: failed to resolve: could not find `lazy` in `protobuf`
[INFO] [stdout]    --> src/kafka_message.rs:259:31
[INFO] [stdout]     |
[INFO] [stdout] 259 |             lock: ::protobuf::lazy::ONCE_INIT,
[INFO] [stdout]     |                               ^^^^ could not find `lazy` in `protobuf`
[INFO] [stdout] 
[INFO] [stdout] 
[INFO] [stdout] error[E0433]: failed to resolve: could not find `accessor` in `reflect`
[INFO] [stdout]    --> src/kafka_message.rs:265:50
[INFO] [stdout]     |
[INFO] [stdout] 265 |                 fields.push(::protobuf::reflect::accessor::make_singular_string_accessor(
[INFO] [stdout]     |                                                  ^^^^^^^^ could not find `accessor` in `reflect`
[INFO] [stdout] 
[INFO] [stdout] 
[INFO] [stdout] error[E0433]: failed to resolve: could not find `accessor` in `reflect`
[INFO] [stdout]    --> src/kafka_message.rs:270:50
[INFO] [stdout]     |
[INFO] [stdout] 270 |                 fields.push(::protobuf::reflect::accessor::make_singular_string_accessor(
[INFO] [stdout]     |                                                  ^^^^^^^^ could not find `accessor` in `reflect`
[INFO] [stdout] 
[INFO] [stdout] 
[INFO] [stdout] error[E0433]: failed to resolve: could not find `accessor` in `reflect`
[INFO] [stdout]    --> src/kafka_message.rs:275:50
[INFO] [stdout]     |
[INFO] [stdout] 275 |                 fields.push(::protobuf::reflect::accessor::make_singular_bytes_accessor(
[INFO] [stdout]     |                                                  ^^^^^^^^ could not find `accessor` in `reflect`
[INFO] [stdout] 
[INFO] [stdout] 
[INFO] [stdout] error[E0433]: failed to resolve: could not find `lazy` in `protobuf`
[INFO] [stdout]    --> src/kafka_message.rs:341:52
[INFO] [stdout]     |
[INFO] [stdout] 341 | static mut file_descriptor_proto_lazy: ::protobuf::lazy::Lazy<::protobuf::descriptor::FileDescriptorProto> = ::protobuf::lazy::Lazy {
[INFO] [stdout]     |                                                    ^^^^ could not find `lazy` in `protobuf`
[INFO] [stdout] 
[INFO] [stdout] 
[INFO] [stdout] error[E0433]: failed to resolve: could not find `lazy` in `protobuf`
[INFO] [stdout]    --> src/kafka_message.rs:341:122
[INFO] [stdout]     |
[INFO] [stdout] 341 | static mut file_descriptor_proto_lazy: ::protobuf::lazy::Lazy<::protobuf::descriptor::FileDescriptorProto> = ::protobuf::lazy::Lazy {
[INFO] [stdout]     |                                                                                                                          ^^^^ could not find `lazy` in `protobuf`
[INFO] [stdout] 
[INFO] [stdout] 
[INFO] [stdout] error[E0433]: failed to resolve: could not find `lazy` in `protobuf`
[INFO] [stdout]    --> src/kafka_message.rs:342:23
[INFO] [stdout]     |
[INFO] [stdout] 342 |     lock: ::protobuf::lazy::ONCE_INIT,
[INFO] [stdout]     |                       ^^^^ could not find `lazy` in `protobuf`
[INFO] [stdout] 
[INFO] [stdout] 
[INFO] [stdout] error[E0412]: cannot find type `SingularField` in crate `protobuf`
[INFO] [stdout]   --> src/kafka_message.rs:16:24
[INFO] [stdout]    |
[INFO] [stdout] 16 |     topic: ::protobuf::SingularField<::std::string::String>,
[INFO] [stdout]    |                        ^^^^^^^^^^^^^ not found in `protobuf`
[INFO] [stdout] 
[INFO] [stdout] 
[INFO] [stdout] error[E0412]: cannot find type `SingularField` in crate `protobuf`
[INFO] [stdout]   --> src/kafka_message.rs:17:22
[INFO] [stdout]    |
[INFO] [stdout] 17 |     key: ::protobuf::SingularField<::std::string::String>,
[INFO] [stdout]    |                      ^^^^^^^^^^^^^ not found in `protobuf`
[INFO] [stdout] 
[INFO] [stdout] 
[INFO] [stdout] error[E0412]: cannot find type `SingularField` in crate `protobuf`
[INFO] [stdout]   --> src/kafka_message.rs:18:24
[INFO] [stdout]    |
[INFO] [stdout] 18 |     value: ::protobuf::SingularField<::std::vec::Vec<u8>>,
[INFO] [stdout]    |                        ^^^^^^^^^^^^^ not found in `protobuf`
[INFO] [stdout] 
[INFO] [stdout] 
[INFO] [stdout] error[E0405]: cannot find trait `MessageStatic` in crate `protobuf`
[INFO] [stdout]    --> src/kafka_message.rs:252:18
[INFO] [stdout]     |
[INFO] [stdout] 252 | impl ::protobuf::MessageStatic for KafkaMessage {
[INFO] [stdout]     |                  ^^^^^^^^^^^^^ not found in `protobuf`
[INFO] [stdout] 
[INFO] [stdout] 
[INFO] [stdout] error[E0425]: cannot find function `parse_from_bytes` in crate `protobuf`
[INFO] [stdout]    --> src/kafka_message.rs:347:17
[INFO] [stdout]     |
[INFO] [stdout] 347 |     ::protobuf::parse_from_bytes(file_descriptor_proto_data).unwrap()
[INFO] [stdout]     |                 ^^^^^^^^^^^^^^^^ not found in `protobuf`
[INFO] [stdout] 
[INFO] [stdout] 
[INFO] [stdout] warning: use of deprecated macro `try`: use the `?` operator instead
[INFO] [stdout]    --> src/kafka_message.rs:162:16
[INFO] [stdout]     |
[INFO] [stdout] 162 |         while !try!(is.eof()) {
[INFO] [stdout]     |                ^^^
[INFO] [stdout]     |
[INFO] [stdout]     = note: `#[warn(deprecated)]` on by default
[INFO] [stdout] 
[INFO] [stdout] 
[INFO] [stdout] warning: use of deprecated macro `try`: use the `?` operator instead
[INFO] [stdout]    --> src/kafka_message.rs:163:45
[INFO] [stdout]     |
[INFO] [stdout] 163 |             let (field_number, wire_type) = try!(is.read_tag_unpack());
[INFO] [stdout]     |                                             ^^^
[INFO] [stdout] 
[INFO] [stdout] 
[INFO] [stdout] warning: use of deprecated macro `try`: use the `?` operator instead
[INFO] [stdout]    --> src/kafka_message.rs:170:21
[INFO] [stdout]     |
[INFO] [stdout] 170 |                     try!(is.read_string_into(tmp))
[INFO] [stdout]     |                     ^^^
[INFO] [stdout] 
[INFO] [stdout] 
[INFO] [stdout] warning: use of deprecated macro `try`: use the `?` operator instead
[INFO] [stdout]    --> src/kafka_message.rs:177:21
[INFO] [stdout]     |
[INFO] [stdout] 177 |                     try!(is.read_string_into(tmp))
[INFO] [stdout]     |                     ^^^
[INFO] [stdout] 
[INFO] [stdout] 
[INFO] [stdout] warning: use of deprecated macro `try`: use the `?` operator instead
[INFO] [stdout]    --> src/kafka_message.rs:184:21
[INFO] [stdout]     |
[INFO] [stdout] 184 |                     try!(is.read_bytes_into(tmp))
[INFO] [stdout]     |                     ^^^
[INFO] [stdout] 
[INFO] [stdout] 
[INFO] [stdout] warning: use of deprecated macro `try`: use the `?` operator instead
[INFO] [stdout]    --> src/kafka_message.rs:187:35
[INFO] [stdout]     |
[INFO] [stdout] 187 |                     let unknown = try!(is.read_unknown(wire_type));
[INFO] [stdout]     |                                   ^^^
[INFO] [stdout] 
[INFO] [stdout] 
[INFO] [stdout] warning: use of deprecated macro `try`: use the `?` operator instead
[INFO] [stdout]    --> src/kafka_message.rs:215:13
[INFO] [stdout]     |
[INFO] [stdout] 215 |             try!(os.write_string(1, &v));
[INFO] [stdout]     |             ^^^
[INFO] [stdout] 
[INFO] [stdout] 
[INFO] [stdout] warning: use of deprecated macro `try`: use the `?` operator instead
[INFO] [stdout]    --> src/kafka_message.rs:218:13
[INFO] [stdout]     |
[INFO] [stdout] 218 |             try!(os.write_string(2, &v));
[INFO] [stdout]     |             ^^^
[INFO] [stdout] 
[INFO] [stdout] 
[INFO] [stdout] warning: use of deprecated macro `try`: use the `?` operator instead
[INFO] [stdout]    --> src/kafka_message.rs:221:13
[INFO] [stdout]     |
[INFO] [stdout] 221 |             try!(os.write_bytes(3, &v));
[INFO] [stdout]     |             ^^^
[INFO] [stdout] 
[INFO] [stdout] 
[INFO] [stdout] warning: use of deprecated macro `try`: use the `?` operator instead
[INFO] [stdout]    --> src/kafka_message.rs:223:9
[INFO] [stdout]     |
[INFO] [stdout] 223 |         try!(os.write_unknown_fields(self.get_unknown_fields()));
[INFO] [stdout]     |         ^^^
[INFO] [stdout] 
[INFO] [stdout] 
[INFO] [stdout] warning: trait objects without an explicit `dyn` are deprecated
[INFO] [stdout]    --> src/kafka_message.rs:243:26
[INFO] [stdout]     |
[INFO] [stdout] 243 |     fn as_any(&self) -> &::std::any::Any {
[INFO] [stdout]     |                          ^^^^^^^^^^^^^^^ help: use `dyn`: `dyn (::std::any::Any)`
[INFO] [stdout]     |
[INFO] [stdout]     = note: `#[warn(bare_trait_objects)]` on by default
[INFO] [stdout] 
[INFO] [stdout] 
[INFO] [stdout] warning: trait objects without an explicit `dyn` are deprecated
[INFO] [stdout]    --> src/kafka_message.rs:244:18
[INFO] [stdout]     |
[INFO] [stdout] 244 |         self as &::std::any::Any
[INFO] [stdout]     |                  ^^^^^^^^^^^^^^^ help: use `dyn`: `dyn (::std::any::Any)`
[INFO] [stdout] 
[INFO] [stdout] 
[INFO] [stdout] warning: trait objects without an explicit `dyn` are deprecated
[INFO] [stdout]   --> src/storage.rs:35:39
[INFO] [stdout]    |
[INFO] [stdout] 35 |     pub fn with_read_write(&self, f: &Fn(lmdb::Database) -> ()) -> Result<(), lmdb::MdbError> {
[INFO] [stdout]    |                                       ^^^^^^^^^^^^^^^^^^^^^^^^ help: use `dyn`: `dyn Fn(lmdb::Database) -> ()`
[INFO] [stdout] 
[INFO] [stdout] 
[INFO] [stdout] warning: trait objects without an explicit `dyn` are deprecated
[INFO] [stdout]   --> src/storage.rs:44:37
[INFO] [stdout]    |
[INFO] [stdout] 44 |     pub fn with_readonly(&self, f: &Fn(lmdb::Database) -> ()) {
[INFO] [stdout]    |                                     ^^^^^^^^^^^^^^^^^^^^^^^^ help: use `dyn`: `dyn Fn(lmdb::Database) -> ()`
[INFO] [stdout] 
[INFO] [stdout] 
[INFO] [stdout] error: aborting due to 27 previous errors; 14 warnings emitted
[INFO] [stdout] 
[INFO] [stdout] 
[INFO] [stdout] Some errors have detailed explanations: E0405, E0407, E0412, E0425, E0433.
[INFO] [stdout] 
[INFO] [stdout] For more information about an error, try `rustc --explain E0405`.
[INFO] [stdout] 
[INFO] [stderr] error: build failed
[INFO] running `Command { std: "docker" "inspect" "f6c2e1e4448719f0b1560441cf62be41c6d8e188cefa421921b916cca70445ff", kill_on_drop: false }`
[INFO] running `Command { std: "docker" "rm" "-f" "f6c2e1e4448719f0b1560441cf62be41c6d8e188cefa421921b916cca70445ff", kill_on_drop: false }`
[INFO] [stdout] f6c2e1e4448719f0b1560441cf62be41c6d8e188cefa421921b916cca70445ff
